{"id":14,"date":"2014-04-12T12:20:35","date_gmt":"2014-04-12T10:20:35","guid":{"rendered":"http:\/\/physiotherapie-wendzich.de\/?page_id=14"},"modified":"2018-09-03T11:10:20","modified_gmt":"2018-09-03T09:10:20","slug":"datenschutzerklaerung","status":"publish","type":"page","link":"https:\/\/physiotherapie-wendzich.de\/?page_id=14","title":{"rendered":"Datenschutzerkl\u00e4rung"},"content":{"rendered":"<h1>Datenschutzerkl\u00e4rung und Einwilligungen<\/h1>\n<p>Inhaltsverzeichnis<br \/>\n1. Zielsetzung und verantwortliche Stelle<br \/>\n2. Grunds\u00e4tzliche Angaben zur Datenverarbeitung<br \/>\n3. Verarbeitung personenbezogener Daten<br \/>\n4. Erhebung von Zugriffsdaten<br \/>\n5. Cookies &amp; Reichweitenmessung<br \/>\n6. Google Analytics<br \/>\n7. Google-Re\/Marketing-Services<br \/>\n8. Einbindung von Diensten und Inhalten Dritter<br \/>\n9. Rechte der Nutzer und L\u00f6schung<br \/>\n10. \u00c4nderungen der Datenschutzerkl\u00e4rung<\/p>\n<h2>1. Zielsetzung und verantwortliche Stelle<\/h2>\n<p>Diese Datenschutzerkl\u00e4rung kl\u00e4rt \u00fcber die Art, den Umfang und Zweck der Verarbeitung (u.a. Erhebung, Verarbeitung und Nutzung sowie Einholung von Einwilligungen) von personenbezogenen Daten innerhalb unseres Onlineangebotes und der mit ihm verbundenen Webseiten, Funktionen und Inhalte (nachfolgend gemeinsam bezeichnet als &#8222;Onlineangebot&#8220; oder &#8222;Website&#8220;) auf. Die Datenschutzerkl\u00e4rung gilt unabh\u00e4ngig von den verwendeten Domains, Systemen, Plattformen und Ger\u00e4ten (z.B. Desktop oder Mobile) auf denen das Onlineangebot ausgef\u00fchrt wird.<\/p>\n<p>Anbieter des Onlineangebotes und die datenschutzrechtlich verantwortliche Stelle ist Praxis f\u00fcr Physiotherapie, Inhaber:\u00a0Melanie Wendzich,\u00a0Wildbadstra\u00dfe 14,\u00a091781 Wei\u00dfenburg (nachfolgend bezeichnet als &#8222;AnbieterIn&#8220;, &#8222;wir&#8220; oder &#8222;uns&#8220;). F\u00fcr die Kontaktm\u00f6glichkeiten verweisen wir auf unser <a href=\"https:\/\/physiotherapie-wendzich.de\/?page_id=10\">Impressum<\/a><\/p>\n<p>Der Begriff &#8222;Nutzer&#8220; umfasst alle Kunden und Besucher unseres Onlineangebotes. Die verwendeten Begrifflichkeiten, wie z.B. &#8222;Nutzer&#8220; sind geschlechtsneutral zu verstehen.<\/p>\n<h2>2. Grunds\u00e4tzliche Angaben zur Datenverarbeitung<\/h2>\n<p>Wir verarbeiten personenbezogene Daten der Nutzer nur unter Einhaltung der einschl\u00e4gigen Datenschutzbestimmungen entsprechend den Geboten der Datensparsamkeit- und Datenvermeidung. Das bedeutet die Daten der Nutzer werden nur beim Vorliegen einer gesetzlichen Erlaubnis, insbesondere wenn die Daten zur Erbringung unserer vertraglichen Leistungen sowie Online-Services erforderlich, bzw. gesetzlich vorgeschrieben sind oder beim Vorliegen einer Einwilligung verarbeitet.<\/p>\n<p>Wir treffen organisatorische, vertragliche und technische Sicherheitsma\u00dfnahmen entsprechend dem Stand der Technik, um sicher zu stellen, dass die Vorschriften der Datenschutzgesetze eingehalten werden und um damit die durch uns verarbeiteten Daten gegen zuf\u00e4llige oder vors\u00e4tzliche Manipulationen, Verlust, Zerst\u00f6rung oder gegen den Zugriff unberechtigter Personen zu sch\u00fctzen.<\/p>\n<p>Sofern im Rahmen dieser Datenschutzerkl\u00e4rung Inhalte, Werkzeuge oder sonstige Mittel von anderen Anbietern (nachfolgend gemeinsam bezeichnet als &#8222;Dritt-Anbieter&#8220;) eingesetzt werden und deren genannter Sitz im Ausland ist, ist davon auszugehen, dass ein Datentransfer in die Sitzstaaten der Dritt-Anbieter stattfindet. Die \u00dcbermittlung von Daten in Drittstaaten erfolgt entweder auf Grundlage einer gesetzlichen Erlaubnis, einer Einwilligung der Nutzer oder spezieller Vertragsklauseln, die eine gesetzlich vorausgesetzte Sicherheit der Daten gew\u00e4hrleisten.<\/p>\n<h2>3. Verarbeitung personenbezogener Daten<\/h2>\n<p>Die personenbezogenen Daten werden, neben den ausdr\u00fccklich in dieser Datenschutzerkl\u00e4rung genannten Verwendung, f\u00fcr die folgenden Zwecke auf Grundlage gesetzlicher Erlaubnisse oder Einwilligungen der Nutzer verarbeitet:<br \/>\n&#8211; Die Zurverf\u00fcgungstellung, Ausf\u00fchrung, Pflege, Optimierung und Sicherung unserer Dienste-, Service- und Nutzerleistungen;<br \/>\n&#8211; Die Gew\u00e4hrleistung eines effektiven Kundendienstes und technischen Supports.<\/p>\n<p>Wir \u00fcbermitteln die Daten der Nutzer an Dritte nur, wenn dies f\u00fcr Abrechnungszwecke notwendig ist (z.B. an einen Zahlungsdienstleister) oder f\u00fcr andere Zwecke, wenn diese notwendig sind, um unsere vertraglichen Verpflichtungen gegen\u00fcber den Nutzern zu erf\u00fcllen (z.B. Adressmitteilung an Lieferanten).<\/p>\n<p>Bei der Kontaktaufnahme mit uns (per Kontaktformular oder Email) werden die Angaben des Nutzers zwecks Bearbeitung der Anfrage sowie f\u00fcr den Fall, dass Anschlussfragen entstehen, gespeichert.<br \/>\nPersonenbezogene Daten werden gel\u00f6scht, sofern sie ihren Verwendungszweck erf\u00fcllt haben und der L\u00f6schung keine Aufbewahrungspflichten entgegenstehen.<\/p>\n<h2>4. Erhebung von Zugriffsdaten<\/h2>\n<p>Wir erheben Daten \u00fcber jeden Zugriff auf den Server, auf dem sich dieser Dienst befindet (so genannte Serverlogfiles). Zu den Zugriffsdaten geh\u00f6ren Name der abgerufenen Webseite, Datei, Datum und Uhrzeit des Abrufs, \u00fcbertragene Datenmenge, Meldung \u00fcber erfolgreichen Abruf, Browsertyp nebst Version, das Betriebssystem des Nutzers, Referrer URL (die zuvor besuchte Seite), IP-Adresse und der anfragende Provider.<\/p>\n<p>Wir verwenden die Protokolldaten ohne Zuordnung zur Person des Nutzers oder sonstiger Profilerstellung entsprechend den gesetzlichen Bestimmungen nur f\u00fcr statistische Auswertungen zum Zweck des Betriebs, der Sicherheit und der Optimierung unseres Onlineangebotes. Wir behalten uns jedoch vor, die Protokolldaten nachtr\u00e4glich zu \u00fcberpr\u00fcfen, wenn aufgrund konkreter Anhaltspunkte der berechtigte Verdacht einer rechtswidrigen Nutzung besteht.<\/p>\n<h2>5. Cookies &amp; Reichweitenmessung<\/h2>\n<p>Cookies sind Informationen, die von unserem Webserver oder Webservern Dritter an die Web-Browser der Nutzer \u00fcbertragen und dort f\u00fcr einen sp\u00e4teren Abruf gespeichert werden. \u00dcber den Einsatz von Cookies im Rahmen pseudonymer Reichweitenmessung werden die Nutzer im Rahmen dieser Datenschutzerkl\u00e4rung informiert.<\/p>\n<p>Die Betrachtung dieses Onlineangebotes ist auch unter Ausschluss von Cookies m\u00f6glich. Falls die Nutzer nicht m\u00f6chten, dass Cookies auf ihrem Rechner gespeichert werden, werden sie gebeten die entsprechende Option in den Systemeinstellungen ihres Browsers zu deaktivieren. Gespeicherte Cookies k\u00f6nnen in den Systemeinstellungen des Browsers gel\u00f6scht werden. Der Ausschluss von Cookies kann zu Funktionseinschr\u00e4nkungen dieses Onlineangebotes f\u00fchren.<\/p>\n<p>Es besteht die M\u00f6glichkeit, viele Online-Anzeigen-Cookies von Unternehmen \u00fcber die US-amerikanische Seite <a href=\"http:\/\/www.aboutads.info\/choices\" target=\"_blank\" rel=\"noopener\">http:\/\/www.aboutads.info\/choices<\/a> oder die EU-Seite <a href=\"http:\/\/www.youronlinechoices.com\/uk\/your-ad-choices\/\" target=\"_blank\" rel=\"noopener\">http:\/\/www.youronlinechoices.com\/uk\/your-ad-choices\/<\/a> zu verwalten.<\/p>\n<h2>6. Google Analytics<\/h2>\n<p>Wir setzen Google Analytics, einen Webanalysedienst der Google Inc. (&#8222;Google&#8220;) ein. Google verwendet Cookies. Die durch das Cookie erzeugten Informationen \u00fcber Benutzung des Onlineangebotes durch die Nutzer werden in der Regel an einen Server von Google in den USA \u00fcbertragen und dort gespeichert.<\/p>\n<p>Google wird diese Informationen in unserem Auftrag benutzen, um die Nutzung unseres Onlineangebotes durch die Nutzer auszuwerten, um Reports \u00fcber die Aktivit\u00e4ten innerhalb dieses Onlineangebotes zusammenzustellen und um weitere mit der Nutzung dieses Onlineangebotes und der Internetnutzung verbundene Dienstleistungen uns gegen\u00fcber zu erbringen. Dabei k\u00f6nnen aus den verarbeiteten Daten pseudonyme Nutzungsprofile der Nutzer erstellt werden.<\/p>\n<p>Wir setzen Google Analytics nur mit aktivierter IP-Anonymisierung ein. Das bedeutet, die IP-Adresse der Nutzer wird von Google innerhalb von Mitgliedstaaten der Europ\u00e4ischen Union oder in anderen Vertragsstaaten des Abkommens \u00fcber den Europ\u00e4ischen Wirtschaftsraum gek\u00fcrzt. Nur in Ausnahmef\u00e4llen wird die volle IP-Adresse an einen Server von Google in den USA \u00fcbertragen und dort gek\u00fcrzt.<\/p>\n<p>Die von dem Browser des Nutzers \u00fcbermittelte IP-Adresse wird nicht mit anderen Daten von Google zusammengef\u00fchrt. Die Nutzer k\u00f6nnen die Speicherung der Cookies durch eine entsprechende Einstellung ihrer Browser-Software verhindern; die Nutzer k\u00f6nnen dar\u00fcber hinaus die Erfassung der durch das Cookie erzeugten und auf ihre Nutzung des Onlineangebotes bezogenen Daten an Google sowie die Verarbeitung dieser Daten durch Google verhindern, indem sie das unter dem folgenden Link verf\u00fcgbare Browser-Plugin herunterladen und installieren: <a href=\"http:\/\/tools.google.com\/dlpage\/gaoptout?hl=de\" target=\"_blank\" rel=\"noopener\">http:\/\/tools.google.com\/dlpage\/gaoptout?hl=de<\/a>.<\/p>\n<p>Weitere Informationen zur Datennutzung zu Werbezwecken durch Google, Einstellungs- und Widerspruchsm\u00f6glichkeiten erfahren Sie auf den Webseiten von Google: <a href=\"https:\/\/www.google.com\/intl\/de\/policies\/privacy\/partners\" target=\"_blank\" rel=\"noopener\">https:\/\/www.google.com\/intl\/de\/policies\/privacy\/partners<\/a> (&#8222;Datennutzung durch Google bei Ihrer Nutzung von Websites oder Apps unserer Partner&#8220;), <a href=\"http:\/\/www.google.com\/policies\/technologies\/ads\" target=\"_blank\" rel=\"noopener\">http:\/\/www.google.com\/policies\/technologies\/ads<\/a> (&#8222;Datennutzung zu Werbezwecken&#8220;), <a href=\"http:\/\/www.google.de\/settings\/ads\" target=\"_blank\" rel=\"noopener\">http:\/\/www.google.de\/settings\/ads<\/a> (&#8222;Informationen verwalten, die Google verwendet, um Ihnen Werbung einzublenden&#8220;) und <a href=\"http:\/\/www.google.com\/ads\/preferences\" target=\"_blank\" rel=\"noopener\">http:\/\/www.google.com\/ads\/preferences<\/a> (&#8222;Bestimmen Sie, welche Werbung Google Ihnen zeigt&#8220;).<\/p>\n<h2>7. Google-Re\/Marketing-Services<\/h2>\n<p>Wir nutzen die Marketing- und Remarketing-Dienste (kurz &#8222;Google-Marketing-Services&#8220;) der Google Inc., 1600 Amphitheatre Parkway, Mountain View, CA 94043, USA, (&#8222;Google&#8220;).<\/p>\n<p>Die Google-Marketing-Services erlauben uns Werbeanzeigen f\u00fcr und auf unserer Website gezielter anzuzeigen, um Nutzern nur Anzeigen zu pr\u00e4sentieren, die potentiell deren Interessen entsprechen. Falls Nutzer z.B. Anzeigen f\u00fcr Produkte angezeigt werden, f\u00fcr die er sich auf anderen Webseiten interessiert hat, spricht man hierbei vom &#8222;Remarketing&#8220;. Zu diesen Zwecken wird bei Aufruf unserer und anderer Webseiten, auf denen Google-Marketing-Services aktiv sind, unmittelbar durch Google ein Code von Google ausgef\u00fchrt und es werden in die Website sog. (Re)marketing-Tags (unsichtbare Grafiken oder Code, auch als &#8222;Web Beacons&#8220; bezeichnet) in die Webseite eingebunden. Mit deren Hilfe wird auf dem Ger\u00e4t der Nutzer ein individuelles Cookie, d.h. eine kleine Datei abgespeichert (statt Cookies k\u00f6nnen auch vergleichbare Technologien verwendet werden). Die Cookies k\u00f6nnen von verschiedenen Domains gesetzt werden, unter anderem von google.com, doubleclick.net, invitemedia.com, admeld.com, googlesyndication.com oder googleadservices.com. In dieser Datei wird vermerkt, welche Webseiten der Nutzer aufgesucht, f\u00fcr welche Inhalte er sich interessiert und welche Angebote er geklickt hat, ferner technische Informationen zum Browser und Betriebssystem, verweisende Webseiten, Besuchszeit sowie weitere Angaben zur Nutzung des Onlineangebotes. Es wird ebenfalls die IP-Adresse der Nutzer erfasst, wobei wir im Rahmen von Google-Analytics mitteilen, dass die IP-Adresse innerhalb von Mitgliedstaaten der Europ\u00e4ischen Union oder in anderen Vertragsstaaten des Abkommens \u00fcber den Europ\u00e4ischen Wirtschaftsraum gek\u00fcrzt und nur in Ausnahmef\u00e4llen ganz an einen Server von Google in den USA \u00fcbertragen und dort gek\u00fcrzt wird. Die IP-Adresse wird nicht mit Daten des Nutzers innerhalb von anderen Angeboten von Google zusammengef\u00fchrt. Diese vorstehend genannten Informationen k\u00f6nnen auch mit solchen Informationen aus anderen Quellen verbunden werden. Wenn der Nutzer anschlie\u00dfend andere Webseiten besucht, k\u00f6nnen ihm entsprechend seiner Interessen die auf ihn abgestimmten Anzeigen angezeigt werden.<\/p>\n<p>Die Daten der Nutzer werden im Rahmen der Google-Marketing-Services pseudonym verarbeitet. D.h. Google speichert und verarbeitet z.B. nicht den Namen oder E-Mailadresse der Nutzer, sondern verarbeitet die relevanten Daten Cookie-bezogen innerhalb pseudonymer Nutzer-Profile. D.h. aus der Sicht von Google werden die Anzeigen nicht f\u00fcr eine konkret identifizierte Person verwaltet und angezeigt, sondern f\u00fcr den Cookie-Inhaber, unabh\u00e4ngig davon wer dieser Cookie-Inhaber ist. Dies gilt nicht, wenn ein Nutzer Google ausdr\u00fccklich erlaubt hat, die Daten ohne diese Pseudonymisierung zu verarbeiten. Die von &#8222;DoubleClick&#8220; \u00fcber die Nutzer gesammelten Informationen werden an Google \u00fcbermittelt und auf Googles Servern in den USA gespeichert.<\/p>\n<p>Zu den von uns eingesetzten Google-Marketing-Services geh\u00f6rt u.a. das Online-Werbeprogramm &#8222;Google AdWords&#8220;. Im Fall von Google AdWords, erh\u00e4lt jeder AdWords-Kunde ein anderes &#8222;Conversion-Cookie&#8220;. Cookies k\u00f6nnen somit nicht \u00fcber die Websites von AdWords-Kunden nachverfolgt werden. Die mit Hilfe des Cookies eingeholten Informationen dienen dazu, Conversion-Statistiken f\u00fcr AdWords-Kunden zu erstellen, die sich f\u00fcr Conversion-Tracking entschieden haben. Die AdWords-Kunden erfahren die Gesamtanzahl der Nutzer, die auf ihre Anzeige geklickt haben und zu einer mit einem Conversion-Tracking-Tag versehenen Seite weitergeleitet wurden. Sie erhalten jedoch keine Informationen, mit denen sich Nutzer pers\u00f6nlich identifizieren lassen.<\/p>\n<p>Wir binden auf Grundlage des Google-Marketing-Services &#8222;DoubleClick&#8220; Werbeanzeigen Dritter ein. DoubleClick verwendet Cookies, mit dem Google und seinen Partner-Websites, die Schaltung von Anzeigen auf Basis der Besuche von Nutzern auf dieser Website bzw. anderen Websites im Internet erm\u00f6glicht wird.<\/p>\n<p>Wir binden ferner auf Grundlage des Google-Marketing-Services &#8222;AdSense&#8220; Werbeanzeigen Dritter ein. AdSense verwendet Cookies, mit dem Google und seinen Partner-Websites, die Schaltung von Anzeigen auf Basis der Besuche von Nutzern auf dieser Website bzw. anderen Websites im Internet erm\u00f6glicht wird.<\/p>\n<p>Ein weiterer von uns genutzter Google-Marketing-Service ist der &#8222;Google Tag Manager&#8220;, mit dessen Hilfe weitere Google Analyse- und Marketing-Dienste in unsere Website eingebunden werden k\u00f6nnen (z.B. &#8222;AdWords&#8220;, &#8222;DoubleClick&#8220; oder &#8222;Google Analytics&#8220;).<\/p>\n<p>Weitere Informationen zur Datennutzung zu Marketingzwecken durch Google, erfahren Sie auf der \u00dcbersichtsseite: <a href=\"https:\/\/www.google.com\/policies\/technologies\/ads\" target=\"_blank\" rel=\"noopener\">https:\/\/www.google.com\/policies\/technologies\/ads<\/a>, die Datenschutzerkl\u00e4rung von Google ist unter <a href=\"https:\/\/www.google.com\/policies\/privacy\" target=\"_blank\" rel=\"noopener\">https:\/\/www.google.com\/policies\/privacy<\/a> abrufbar.<\/p>\n<p>Wenn Sie der Erfassung durch Google-Marketing-Services widersprechen m\u00f6chten, k\u00f6nnen Sie die von Google gestellten Einstellungs- und Opt-Out-M\u00f6glichkeiten nutzen: <a href=\"http:\/\/www.google.com\/ads\/preferences\" target=\"_blank\" rel=\"noopener\">http:\/\/www.google.com\/ads\/preferences<\/a>.<\/p>\n<h2>8. Einbindung von Diensten und Inhalten Dritter<\/h2>\n<p>Es kann vorkommen, dass innerhalb unseres Onlineangebotes Inhalte oder Dienste von Dritt-Anbietern, wie zum Beispiel Stadtpl\u00e4ne oder Schriftarten von anderen Webseiten eingebunden werden. Die Einbindung von Inhalten der Dritt-Anbieter setzt immer voraus, dass die Dritt-Anbieter die IP-Adresse der Nutzer wahrnehmen, da sie ohne die IP-Adresse die Inhalte nicht an den Browser der Nutzer senden k\u00f6nnten. Die IP-Adresse ist damit f\u00fcr die Darstellung dieser Inhalte erforderlich. Des Weiteren k\u00f6nnen die Anbieter der Dritt-Inhalte eigene Cookies setzen und die Daten der Nutzer f\u00fcr eigene Zwecke verarbeiten. Dabei k\u00f6nnen aus den verarbeiteten Daten Nutzungsprofile der Nutzer erstellt werden. Wir werden diese Inhalte m\u00f6glichst datensparsam und datenvermeidend einsetzen sowie im Hinblick auf die Datensicherheit zuverl\u00e4ssige Dritt-Anbieter w\u00e4hlen.<\/p>\n<p>Die nachfolgende Darstellung bietet eine \u00dcbersicht von Dritt-Anbietern sowie ihrer Inhalte, nebst Links zu deren Datenschutzerkl\u00e4rungen, welche weitere Hinweise zur Verarbeitung von Daten und, z.T. bereits hier genannt, Widerspruchsm\u00f6glichkeiten (sog. Opt-Out) enthalten:<\/p>\n<p>&#8211; Externe Schriftarten von Google, Inc., <a href=\"https:\/\/www.google.com\/fonts\" target=\"_blank\" rel=\"noopener\">https:\/\/www.google.com\/fonts<\/a> (&#8222;Google Fonts&#8220;). Die Einbindung der Google Fonts erfolgt durch einen Serveraufruf bei Google (in der Regel in den USA). Datenschutzerkl\u00e4rung: <a href=\"https:\/\/www.google.com\/policies\/privacy\/\" target=\"_blank\" rel=\"noopener\">https:\/\/www.google.com\/policies\/privacy\/<\/a>, Opt-Out: <a href=\"https:\/\/www.google.com\/settings\/ads\/\" target=\"_blank\" rel=\"noopener\">https:\/\/www.google.com\/settings\/ads\/<\/a>.<\/p>\n<p>&#8211; Landkarten des Dienstes &#8222;Google Maps&#8220; des Dritt-Anbieters Google Inc., 1600 Amphitheatre Parkway, Mountain View, CA 94043, USA, gestellt. Datenschutzerkl\u00e4rung: <a href=\"https:\/\/www.google.com\/policies\/privacy\/\" target=\"_blank\" rel=\"noopener\">https:\/\/www.google.com\/policies\/privacy\/<\/a>, Opt-Out: <a href=\"https:\/\/www.google.com\/settings\/ads\/\" target=\"_blank\" rel=\"noopener\">https:\/\/www.google.com\/settings\/ads\/<\/a>.<\/p>\n<p>&#8211; Videos der Plattform &#8222;YouTube&#8220; des Dritt-Anbieters Google Inc., 1600 Amphitheatre Parkway, Mountain View, CA 94043, USA. Datenschutzerkl\u00e4rung: <a href=\"https:\/\/www.google.com\/policies\/privacy\/\" target=\"_blank\" rel=\"noopener\">https:\/\/www.google.com\/policies\/privacy\/<\/a>, Opt-Out: <a href=\"https:\/\/www.google.com\/settings\/ads\/\" target=\"_blank\" rel=\"noopener\">https:\/\/www.google.com\/settings\/ads\/<\/a>.<\/p>\n<h2>9. Rechte der Nutzer und L\u00f6schung von Daten<\/h2>\n<p>Nutzer haben das Recht, auf Antrag unentgeltlich Auskunft zu erhalten \u00fcber die personenbezogenen Daten, die von uns \u00fcber sie gespeichert wurden.<br \/>\nZus\u00e4tzlich haben die Nutzer das Recht auf Berichtigung unrichtiger Daten, Widerruf von Einwilligungen, Sperrung und L\u00f6schung ihrer personenbezogenen Daten sowie das Recht, im Fall der Annahme einer unrechtm\u00e4\u00dfigen Datenverarbeitung eine Beschwerde bei der zust\u00e4ndigen Aufsichtsbeh\u00f6rde einzureichen.<\/p>\n<p>Die bei uns gespeicherten Daten werden gel\u00f6scht, sobald sie f\u00fcr ihre Zweckbestimmung nicht mehr erforderlich sind und der L\u00f6schung keine gesetzlichen Aufbewahrungspflichten entgegenstehen.<\/p>\n<h2>10. \u00c4nderungen der Datenschutzerkl\u00e4rung<\/h2>\n<p>Wir behalten uns vor, die Datenschutzerkl\u00e4rung zu \u00e4ndern, um sie an ge\u00e4nderte Rechtslagen, oder bei \u00c4nderungen des Dienstes sowie der Datenverarbeitung anzupassen. Dies gilt jedoch nur im Hinblick auf Erkl\u00e4rungen zur Datenverarbeitung. Sofern Einwilligungen der Nutzer erforderlich sind oder Bestandteile der Datenschutzerkl\u00e4rung Regelungen des Vertragsverh\u00e4ltnisses mit den Nutzern enthalten, erfolgen die \u00c4nderungen nur mit Zustimmung der Nutzer.<br \/>\nDie Nutzer werden gebeten sich regelm\u00e4\u00dfig \u00fcber den Inhalt der Datenschutzerkl\u00e4rung zu informieren.<\/p>\n<p>Stand: September 2018<\/p>\n<p>&nbsp;<\/p>\n","protected":false},"excerpt":{"rendered":"<p>Datenschutzerkl\u00e4rung und Einwilligungen Inhaltsverzeichnis 1. Zielsetzung und verantwortliche Stelle 2. Grunds\u00e4tzliche Angaben zur Datenverarbeitung 3. Verarbeitung personenbezogener Daten 4. Erhebung von Zugriffsdaten 5. Cookies &amp; Reichweitenmessung 6. Google Analytics 7. Google-Re\/Marketing-Services 8. Einbindung von Diensten und Inhalten Dritter 9. Rechte der Nutzer und L\u00f6schung 10. \u00c4nderungen der Datenschutzerkl\u00e4rung 1. Zielsetzung und verantwortliche Stelle Diese Datenschutzerkl\u00e4rung [&hellip;]<\/p>\n","protected":false},"author":1,"featured_media":0,"parent":10,"menu_order":0,"comment_status":"closed","ping_status":"closed","template":"","meta":{"footnotes":"","_joinchat":[]},"_links":{"self":[{"href":"https:\/\/physiotherapie-wendzich.de\/index.php?rest_route=\/wp\/v2\/pages\/14"}],"collection":[{"href":"https:\/\/physiotherapie-wendzich.de\/index.php?rest_route=\/wp\/v2\/pages"}],"about":[{"href":"https:\/\/physiotherapie-wendzich.de\/index.php?rest_route=\/wp\/v2\/types\/page"}],"author":[{"embeddable":true,"href":"https:\/\/physiotherapie-wendzich.de\/index.php?rest_route=\/wp\/v2\/users\/1"}],"replies":[{"embeddable":true,"href":"https:\/\/physiotherapie-wendzich.de\/index.php?rest_route=%2Fwp%2Fv2%2Fcomments&post=14"}],"version-history":[{"count":3,"href":"https:\/\/physiotherapie-wendzich.de\/index.php?rest_route=\/wp\/v2\/pages\/14\/revisions"}],"predecessor-version":[{"id":244,"href":"https:\/\/physiotherapie-wendzich.de\/index.php?rest_route=\/wp\/v2\/pages\/14\/revisions\/244"}],"up":[{"embeddable":true,"href":"https:\/\/physiotherapie-wendzich.de\/index.php?rest_route=\/wp\/v2\/pages\/10"}],"wp:attachment":[{"href":"https:\/\/physiotherapie-wendzich.de\/index.php?rest_route=%2Fwp%2Fv2%2Fmedia&parent=14"}],"curies":[{"name":"wp","href":"https:\/\/api.w.org\/{rel}","templated":true}]}}